{"id":7143,"date":"2025-09-23T20:49:29","date_gmt":"2025-09-23T20:49:29","guid":{"rendered":"https:\/\/cemvalderas.es\/dev\/?page_id=7143"},"modified":"2025-10-30T15:06:23","modified_gmt":"2025-10-30T15:06:23","slug":"blanqueamiento-dental","status":"publish","type":"page","link":"https:\/\/cemvalderas.es\/dev\/blanqueamiento-dental\/","title":{"rendered":"Blanqueamiento dental"},"content":{"rendered":"\t\t<div data-elementor-type=\"wp-page\" data-elementor-id=\"7143\" class=\"elementor elementor-7143\" data-elementor-post-type=\"page\">\n\t\t\t\t<div class=\"elementor-element elementor-element-3acef7e e-con-full e-flex e-con e-parent\" data-id=\"3acef7e\" data-element_type=\"container\" data-settings=\"{&quot;background_background&quot;:&quot;classic&quot;}\">\n\t\t\t\t<\/div>\n\t\t<div class=\"elementor-element elementor-element-f14f928 e-flex e-con-boxed e-con e-parent\" data-id=\"f14f928\" data-element_type=\"container\" data-settings=\"{&quot;background_background&quot;:&quot;classic&quot;}\">\n\t\t\t\t\t<div class=\"e-con-inner\">\n\t\t\t\t<div class=\"elementor-element elementor-element-5db5014 elementor-widget elementor-widget-heading\" data-id=\"5db5014\" data-element_type=\"widget\" data-widget_type=\"heading.default\">\n\t\t\t\t\t<h2 class=\"elementor-heading-title elementor-size-default\">Blanqueamiento Dental Premium<\/h2>\t\t\t\t<\/div>\n\t\t\t\t<div class=\"elementor-element elementor-element-199b1d3 elementor-widget-divider--view-line elementor-widget elementor-widget-divider\" data-id=\"199b1d3\" data-element_type=\"widget\" data-widget_type=\"divider.default\">\n\t\t\t\t\t\t\t<div class=\"elementor-divider\">\n\t\t\t<span class=\"elementor-divider-separator\">\n\t\t\t\t\t\t<\/span>\n\t\t<\/div>\n\t\t\t\t\t\t<\/div>\n\t\t\t\t<div class=\"elementor-element elementor-element-1c04c86 elementor-widget elementor-widget-text-editor\" data-id=\"1c04c86\" data-element_type=\"widget\" data-widget_type=\"text-editor.default\">\n\t\t\t\t\t\t\t\t\t<p>El color de los dientes est\u00e1 determinado por las caracter\u00edsticas individuales de la dentina de cada persona: hay personas que por naturaleza tienen los dientes m\u00e1s blancos y otras, no tanto.<\/p><p>Otros factores que son determinantes en el color de los dientes son el consumo de ciertos alimentos, como pueden ser el vino tino, las infusiones de hierbas, el caf\u00e9, el t\u00e9, el tabaco\u2026 Tambi\u00e9n medicamentos, como clorhexidina, tetraciclinas o fl\u00faor.<\/p><p>A medida que envejecemos, la dentina se oscurece y la capa de esmalte se afina por el desgaste. De este modo, el diente se ve m\u00e1s amarillo. Los golpes fuertes causan sangrados en el interior de la estructura y hacen que el diente adquiera un tono gris\u00e1ceo.<\/p>\t\t\t\t\t\t\t\t<\/div>\n\t\t\t\t<div class=\"elementor-element elementor-element-6e7b5a1 elementor-widget elementor-widget-heading\" data-id=\"6e7b5a1\" data-element_type=\"widget\" data-widget_type=\"heading.default\">\n\t\t\t\t\t<h2 class=\"elementor-heading-title elementor-size-default\">T\u00e9cnicas de blanqueamiento dental\u2028<\/h2>\t\t\t\t<\/div>\n\t\t\t\t<div class=\"elementor-element elementor-element-8539a52 elementor-widget elementor-widget-text-editor\" data-id=\"8539a52\" data-element_type=\"widget\" data-widget_type=\"text-editor.default\">\n\t\t\t\t\t\t\t\t\t<ul><li><b>Blanqueamiento de dientes vitales por medio de fotoactivaci\u00f3n:<\/b> el objetivo es conseguir los dientes m\u00e1s blancos en poco tiempo. Se utiliza gel de per\u00f3xido de hidr\u00f3geno que se activa mediante una fuente de luz. Las fuentes de luz pueden ser Led, l\u00e1ser. Se realiza todo en la cl\u00ednica. El tratamiento dura 30 minutos y se puede conseguir un blanqueamiento entre de 5 a 10 puntos en la escala de color.<br \/><br \/><\/li><li><b>Blanqueamiento dental a trav\u00e9s de gel:<\/b> permite hacerlo en casa. Hay un ingrediente activo en la f\u00f3rmula que cuando hace contacto con los dientes, empieza a actuar.<\/li><li style=\"list-style-type: none;\">\u00a0<\/li><\/ul><ul><li><b>Blanqueamiento de dientes no vitales:<\/b> cuando la mancha del diente viene desde muy adentro, el diente ha sufrido un traumatismo o se ha hecho una endodoncia, el tratamiento de blanqueamiento cambia. Este tratamiento tiene tres partes: limpieza de la c\u00e1mara pulpar. Se prepara la dentina para que facilite la penetraci\u00f3n del material. El agente blanqueador se coloca en la c\u00e1mara pulpar (30\u00b4) Es posible que sean necesarias varias aplicaciones. Se realiza solamente en la consulta.<\/li><\/ul>\t\t\t\t\t\t\t\t<\/div>\n\t\t\t\t\t<\/div>\n\t\t\t\t<\/div>\n\t\t<div class=\"elementor-element elementor-element-61020a2 e-con-full e-flex e-con e-parent\" data-id=\"61020a2\" data-element_type=\"container\" data-settings=\"{&quot;background_background&quot;:&quot;classic&quot;}\">\n\t\t<div class=\"elementor-element elementor-element-1d81f21 e-flex e-con-boxed e-con e-child\" data-id=\"1d81f21\" data-element_type=\"container\">\n\t\t\t\t\t<div class=\"e-con-inner\">\n\t\t\t\t<div class=\"elementor-element elementor-element-8f0419e elementor-widget__width-initial elementor-widget elementor-widget-heading\" data-id=\"8f0419e\" data-element_type=\"widget\" data-widget_type=\"heading.default\">\n\t\t\t\t\t<div class=\"elementor-heading-title elementor-size-default\">\u00a1Reserva tu primera\n<br \/><b>consulta gratuita!<\/b><\/div>\t\t\t\t<\/div>\n\t\t<div class=\"elementor-element elementor-element-a5e2ca6 e-con-full e-flex e-con e-child\" data-id=\"a5e2ca6\" data-element_type=\"container\">\n\t\t<div class=\"elementor-element elementor-element-2dff5c0 e-con-full e-flex e-con e-child\" data-id=\"2dff5c0\" data-element_type=\"container\">\n\t\t<div class=\"elementor-element elementor-element-c6f5129 e-con-full e-flex e-con e-child\" data-id=\"c6f5129\" data-element_type=\"container\">\n\t\t<div class=\"elementor-element elementor-element-ab93ca8 e-con-full e-flex e-con e-child\" data-id=\"ab93ca8\" data-element_type=\"container\">\n\t\t<div class=\"elementor-element elementor-element-8692c7d e-con-full e-flex e-con e-child\" data-id=\"8692c7d\" data-element_type=\"container\">\n\t\t\t\t<div class=\"elementor-element elementor-element-2fada60 elementor-button-align-start elementor-widget elementor-widget-global elementor-global-6899 elementor-widget-form\" data-id=\"2fada60\" data-element_type=\"widget\" data-settings=\"{&quot;step_next_label&quot;:&quot;Next&quot;,&quot;step_previous_label&quot;:&quot;Previous&quot;,&quot;button_width&quot;:&quot;100&quot;,&quot;step_type&quot;:&quot;number_text&quot;,&quot;step_icon_shape&quot;:&quot;circle&quot;}\" data-widget_type=\"form.default\">\n\t\t\t\t\t\t\t<form class=\"elementor-form\" method=\"post\" name=\"New Form\" aria-label=\"New Form\">\n\t\t\t<input type=\"hidden\" name=\"post_id\" value=\"7143\"\/>\n\t\t\t<input type=\"hidden\" name=\"form_id\" value=\"2fada60\"\/>\n\t\t\t<input type=\"hidden\" name=\"referer_title\" value=\"Clinica Dental CEM Valderas Dentistas Alcorcon\" \/>\n\n\t\t\t\n\t\t\t<div class=\"elementor-form-fields-wrapper elementor-labels-\">\n\t\t\t\t\t\t\t\t<div class=\"elementor-field-type-text elementor-field-group elementor-column elementor-field-group-name elementor-col-40 elementor-field-required\">\n\t\t\t\t\t\t\t\t\t\t\t\t<label for=\"form-field-name\" class=\"elementor-field-label elementor-screen-only\">\n\t\t\t\t\t\t\t\tNombre\t\t\t\t\t\t\t<\/label>\n\t\t\t\t\t\t\t\t\t\t\t\t\t\t<input size=\"1\" type=\"text\" name=\"form_fields[name]\" id=\"form-field-name\" class=\"elementor-field elementor-size-sm  elementor-field-textual\" placeholder=\"Nombre\" required=\"required\">\n\t\t\t\t\t\t\t\t\t\t\t<\/div>\n\t\t\t\t\t\t\t\t<div class=\"elementor-field-type-text elementor-field-group elementor-column elementor-field-group-field_6bc5346 elementor-col-60 elementor-field-required\">\n\t\t\t\t\t\t\t\t\t\t\t\t<label for=\"form-field-field_6bc5346\" class=\"elementor-field-label elementor-screen-only\">\n\t\t\t\t\t\t\t\tTel\u00e9fono\t\t\t\t\t\t\t<\/label>\n\t\t\t\t\t\t\t\t\t\t\t\t\t\t<input size=\"1\" type=\"text\" name=\"form_fields[field_6bc5346]\" id=\"form-field-field_6bc5346\" class=\"elementor-field elementor-size-sm  elementor-field-textual\" placeholder=\"Tel\u00e9fono\" required=\"required\">\n\t\t\t\t\t\t\t\t\t\t\t<\/div>\n\t\t\t\t\t\t\t\t<div class=\"elementor-field-type-email elementor-field-group elementor-column elementor-field-group-email elementor-col-100 elementor-field-required\">\n\t\t\t\t\t\t\t\t\t\t\t\t<label for=\"form-field-email\" class=\"elementor-field-label elementor-screen-only\">\n\t\t\t\t\t\t\t\tEmail\t\t\t\t\t\t\t<\/label>\n\t\t\t\t\t\t\t\t\t\t\t\t\t\t<input size=\"1\" type=\"email\" name=\"form_fields[email]\" id=\"form-field-email\" class=\"elementor-field elementor-size-sm  elementor-field-textual\" placeholder=\"Email\" required=\"required\">\n\t\t\t\t\t\t\t\t\t\t\t<\/div>\n\t\t\t\t\t\t\t\t<div class=\"elementor-field-type-textarea elementor-field-group elementor-column elementor-field-group-message elementor-col-100\">\n\t\t\t\t\t\t\t\t\t\t\t\t<label for=\"form-field-message\" class=\"elementor-field-label elementor-screen-only\">\n\t\t\t\t\t\t\t\tCu\u00e9ntanos tu caso \t\t\t\t\t\t\t<\/label>\n\t\t\t\t\t\t<textarea class=\"elementor-field-textual elementor-field  elementor-size-sm\" name=\"form_fields[message]\" id=\"form-field-message\" rows=\"4\" placeholder=\"Cu\u00e9ntanos tu caso \"><\/textarea>\t\t\t\t<\/div>\n\t\t\t\t\t\t\t\t<div class=\"elementor-field-group elementor-column elementor-field-type-submit elementor-col-100 e-form__buttons\">\n\t\t\t\t\t<button class=\"elementor-button elementor-size-sm\" type=\"submit\">\n\t\t\t\t\t\t<span class=\"elementor-button-content-wrapper\">\n\t\t\t\t\t\t\t\t\t\t\t\t\t\t\t<span class=\"elementor-button-icon\">\n\t\t\t\t\t\t\t\t\t<svg aria-hidden=\"true\" class=\"e-font-icon-svg e-far-address-book\" viewBox=\"0 0 448 512\" xmlns=\"http:\/\/www.w3.org\/2000\/svg\"><path d=\"M436 160c6.6 0 12-5.4 12-12v-40c0-6.6-5.4-12-12-12h-20V48c0-26.5-21.5-48-48-48H48C21.5 0 0 21.5 0 48v416c0 26.5 21.5 48 48 48h320c26.5 0 48-21.5 48-48v-48h20c6.6 0 12-5.4 12-12v-40c0-6.6-5.4-12-12-12h-20v-64h20c6.6 0 12-5.4 12-12v-40c0-6.6-5.4-12-12-12h-20v-64h20zm-68 304H48V48h320v416zM208 256c35.3 0 64-28.7 64-64s-28.7-64-64-64-64 28.7-64 64 28.7 64 64 64zm-89.6 128h179.2c12.4 0 22.4-8.6 22.4-19.2v-19.2c0-31.8-30.1-57.6-67.2-57.6-10.8 0-18.7 8-44.8 8-26.9 0-33.4-8-44.8-8-37.1 0-67.2 25.8-67.2 57.6v19.2c0 10.6 10 19.2 22.4 19.2z\"><\/path><\/svg>\t\t\t\t\t\t\t\t\t\t\t\t\t\t\t\t\t<\/span>\n\t\t\t\t\t\t\t\t\t\t\t\t\t\t\t\t\t\t\t\t\t\t<span class=\"elementor-button-text\">AGENDAR CITA<\/span>\n\t\t\t\t\t\t\t\t\t\t\t\t\t<\/span>\n\t\t\t\t\t<\/button>\n\t\t\t\t<\/div>\n\t\t\t<\/div>\n\t\t<\/form>\n\t\t\t\t\t\t<\/div>\n\t\t\t\t<\/div>\n\t\t\t\t<\/div>\n\t\t\t\t<\/div>\n\t\t\t\t<\/div>\n\t\t<div class=\"elementor-element elementor-element-e20f849 e-con-full e-flex e-con e-child\" data-id=\"e20f849\" data-element_type=\"container\" data-settings=\"{&quot;background_background&quot;:&quot;classic&quot;}\">\n\t\t\t\t<div class=\"elementor-element elementor-element-fbb5266 elementor-widget__width-initial elementor-widget elementor-widget-heading\" data-id=\"fbb5266\" data-element_type=\"widget\" data-widget_type=\"heading.default\">\n\t\t\t\t\t<div class=\"elementor-heading-title elementor-size-default\">Adem\u00e1s..<\/div>\t\t\t\t<\/div>\n\t\t<div class=\"elementor-element elementor-element-ae359f6 e-con-full e-flex e-con e-child\" data-id=\"ae359f6\" data-element_type=\"container\">\n\t\t\t\t<div class=\"elementor-element elementor-element-f9a3895 elementor-widget elementor-widget-image\" data-id=\"f9a3895\" data-element_type=\"widget\" data-widget_type=\"image.default\">\n\t\t\t\t\t\t\t\t\t\t\t\t\t\t\t<img decoding=\"async\" width=\"28\" height=\"29\" src=\"https:\/\/cemvalderas.es\/dev\/wp-content\/uploads\/2025\/09\/335ba5d2a52e7eafdad2234f1a55262f.png\" class=\"attachment-full size-full wp-image-418\" alt=\"\" \/>\t\t\t\t\t\t\t\t\t\t\t\t\t\t\t<\/div>\n\t\t\t\t<div class=\"elementor-element elementor-element-85e317a elementor-widget__width-initial elementor-widget elementor-widget-heading\" data-id=\"85e317a\" data-element_type=\"widget\" data-widget_type=\"heading.default\">\n\t\t\t\t\t<div class=\"elementor-heading-title elementor-size-default\">Primera consulta completamente gratuita y sin compromiso<\/div>\t\t\t\t<\/div>\n\t\t<div class=\"elementor-element elementor-element-a36c0db e-con-full e-flex e-con e-child\" data-id=\"a36c0db\" data-element_type=\"container\" data-settings=\"{&quot;position&quot;:&quot;absolute&quot;}\">\n\t\t\t\t<\/div>\n\t\t\t\t<\/div>\n\t\t<div class=\"elementor-element elementor-element-6886d29 e-con-full e-flex e-con e-child\" data-id=\"6886d29\" data-element_type=\"container\">\n\t\t\t\t<div class=\"elementor-element elementor-element-7766257 elementor-widget elementor-widget-image\" data-id=\"7766257\" data-element_type=\"widget\" data-widget_type=\"image.default\">\n\t\t\t\t\t\t\t\t\t\t\t\t\t\t\t<img decoding=\"async\" width=\"28\" height=\"28\" src=\"https:\/\/cemvalderas.es\/dev\/wp-content\/uploads\/2025\/09\/dff4dfa90babd52136d40364b416fff1.png\" class=\"attachment-full size-full wp-image-419\" alt=\"\" \/>\t\t\t\t\t\t\t\t\t\t\t\t\t\t\t<\/div>\n\t\t\t\t<div class=\"elementor-element elementor-element-772e7ad elementor-widget__width-initial elementor-widget elementor-widget-heading\" data-id=\"772e7ad\" data-element_type=\"widget\" data-widget_type=\"heading.default\">\n\t\t\t\t\t<div class=\"elementor-heading-title elementor-size-default\">Prediagn\u00f3stico personalizado incluido<\/div>\t\t\t\t<\/div>\n\t\t\t\t<\/div>\n\t\t<div class=\"elementor-element elementor-element-e5fc775 e-con-full e-flex e-con e-child\" data-id=\"e5fc775\" data-element_type=\"container\">\n\t\t\t\t<div class=\"elementor-element elementor-element-8353a7d elementor-widget elementor-widget-image\" data-id=\"8353a7d\" data-element_type=\"widget\" data-widget_type=\"image.default\">\n\t\t\t\t\t\t\t\t\t\t\t\t\t\t\t<img decoding=\"async\" width=\"28\" height=\"28\" src=\"https:\/\/cemvalderas.es\/dev\/wp-content\/uploads\/2025\/09\/6b812533b659cc3a9854bc63451d10e0.png\" class=\"attachment-full size-full wp-image-420\" alt=\"\" \/>\t\t\t\t\t\t\t\t\t\t\t\t\t\t\t<\/div>\n\t\t\t\t<div class=\"elementor-element elementor-element-ccb3fd5 elementor-widget__width-initial elementor-widget elementor-widget-heading\" data-id=\"ccb3fd5\" data-element_type=\"widget\" data-widget_type=\"heading.default\">\n\t\t\t\t\t<div class=\"elementor-heading-title elementor-size-default\">Financiaci\u00f3n 100% disponible - Estudia tu caso r\u00e1pidamente<\/div>\t\t\t\t<\/div>\n\t\t\t\t<\/div>\n\t\t<div class=\"elementor-element elementor-element-dbf51b6 e-con-full e-flex e-con e-child\" data-id=\"dbf51b6\" data-element_type=\"container\" data-settings=\"{&quot;position&quot;:&quot;absolute&quot;}\">\n\t\t\t\t<\/div>\n\t\t\t\t<\/div>\n\t\t\t\t<\/div>\n\t\t\t\t\t<\/div>\n\t\t\t\t<\/div>\n\t\t\t\t<\/div>\n\t\t\t\t<\/div>\n\t\t","protected":false},"excerpt":{"rendered":"<p>Blanqueamiento Dental Premium El color de los dientes est\u00e1 determinado por las caracter\u00edsticas individuales de la dentina de cada persona: hay personas que por naturaleza tienen los dientes m\u00e1s blancos y otras, no tanto. Otros factores que son determinantes en el color de los dientes son el consumo de ciertos alimentos, como pueden ser el [&hellip;]<\/p>\n","protected":false},"author":1,"featured_media":482,"parent":0,"menu_order":0,"comment_status":"closed","ping_status":"closed","template":"","meta":{"footnotes":""},"class_list":["post-7143","page","type-page","status-publish","has-post-thumbnail","hentry"],"yoast_head":"<!-- This site is optimized with the Yoast SEO plugin v26.8 - https:\/\/yoast.com\/product\/yoast-seo-wordpress\/ -->\n<title>Blanqueamiento dental - Clinica Dental CEM Valderas Dentistas Alcorcon<\/title>\n<meta name=\"description\" content=\"Blanqueamiento Dental en Alcorc\u00f3n CEM Valderas Dentistas Alcorc\u00f3n con tecnolog\u00eda m\u00e1s moderna, como resutado un sonrisa de cine.\" \/>\n<meta name=\"robots\" content=\"index, follow, max-snippet:-1, max-image-preview:large, max-video-preview:-1\" \/>\n<link rel=\"canonical\" href=\"https:\/\/cemvalderas.es\/dev\/blanqueamiento-dental\/\" \/>\n<meta property=\"og:locale\" content=\"es_ES\" \/>\n<meta property=\"og:type\" content=\"article\" \/>\n<meta property=\"og:title\" content=\"Blanqueamiento dental - Clinica Dental CEM Valderas Dentistas Alcorcon\" \/>\n<meta property=\"og:description\" content=\"Blanqueamiento Dental en Alcorc\u00f3n CEM Valderas Dentistas Alcorc\u00f3n con tecnolog\u00eda m\u00e1s moderna, como resutado un sonrisa de cine. Cuidamos de t\u00fa boca\" \/>\n<meta property=\"og:url\" content=\"https:\/\/cemvalderas.es\/dev\/blanqueamiento-dental\/\" \/>\n<meta property=\"og:site_name\" content=\"Clinica Dental CEM Valderas Dentistas Alcorcon\" \/>\n<meta property=\"article:modified_time\" content=\"2025-10-30T15:06:23+00:00\" \/>\n<meta property=\"og:image\" content=\"https:\/\/cemvalderas.es\/dev\/wp-content\/uploads\/2025\/09\/7f6796ceaf4d03ad8503bb3075efaac3.png\" \/>\n\t<meta property=\"og:image:width\" content=\"718\" \/>\n\t<meta property=\"og:image:height\" content=\"376\" \/>\n\t<meta property=\"og:image:type\" content=\"image\/png\" \/>\n<meta name=\"twitter:card\" content=\"summary_large_image\" \/>\n<meta name=\"twitter:label1\" content=\"Tiempo de lectura\" \/>\n\t<meta name=\"twitter:data1\" content=\"2 minutos\" \/>\n<script type=\"application\/ld+json\" class=\"yoast-schema-graph\">{\"@context\":\"https:\/\/schema.org\",\"@graph\":[{\"@type\":\"WebPage\",\"@id\":\"https:\/\/cemvalderas.es\/dev\/blanqueamiento-dental\/\",\"url\":\"https:\/\/cemvalderas.es\/dev\/blanqueamiento-dental\/\",\"name\":\"Blanqueamiento dental - Clinica Dental CEM Valderas Dentistas Alcorcon\",\"isPartOf\":{\"@id\":\"https:\/\/cemvalderas.es\/dev\/#website\"},\"primaryImageOfPage\":{\"@id\":\"https:\/\/cemvalderas.es\/dev\/blanqueamiento-dental\/#primaryimage\"},\"image\":{\"@id\":\"https:\/\/cemvalderas.es\/dev\/blanqueamiento-dental\/#primaryimage\"},\"thumbnailUrl\":\"https:\/\/cemvalderas.es\/dev\/wp-content\/uploads\/2025\/09\/7f6796ceaf4d03ad8503bb3075efaac3.png\",\"datePublished\":\"2025-09-23T20:49:29+00:00\",\"dateModified\":\"2025-10-30T15:06:23+00:00\",\"description\":\"Blanqueamiento Dental en Alcorc\u00f3n CEM Valderas Dentistas Alcorc\u00f3n con tecnolog\u00eda m\u00e1s moderna, como resutado un sonrisa de cine.\",\"breadcrumb\":{\"@id\":\"https:\/\/cemvalderas.es\/dev\/blanqueamiento-dental\/#breadcrumb\"},\"inLanguage\":\"es\",\"potentialAction\":[{\"@type\":\"ReadAction\",\"target\":[\"https:\/\/cemvalderas.es\/dev\/blanqueamiento-dental\/\"]}]},{\"@type\":\"ImageObject\",\"inLanguage\":\"es\",\"@id\":\"https:\/\/cemvalderas.es\/dev\/blanqueamiento-dental\/#primaryimage\",\"url\":\"https:\/\/cemvalderas.es\/dev\/wp-content\/uploads\/2025\/09\/7f6796ceaf4d03ad8503bb3075efaac3.png\",\"contentUrl\":\"https:\/\/cemvalderas.es\/dev\/wp-content\/uploads\/2025\/09\/7f6796ceaf4d03ad8503bb3075efaac3.png\",\"width\":718,\"height\":376,\"caption\":\"Blanqueamiento Dental en Alcorc\u00f3n CEM Valderas Dentistas Alcorc\u00f3n con tecnolog\u00eda m\u00e1s moderna, como resutado un sonrisa de cine. Cuidamos de t\u00fa boca\"},{\"@type\":\"BreadcrumbList\",\"@id\":\"https:\/\/cemvalderas.es\/dev\/blanqueamiento-dental\/#breadcrumb\",\"itemListElement\":[{\"@type\":\"ListItem\",\"position\":1,\"name\":\"Portada\",\"item\":\"https:\/\/cemvalderas.es\/dev\/\"},{\"@type\":\"ListItem\",\"position\":2,\"name\":\"Blanqueamiento dental\"}]},{\"@type\":\"WebSite\",\"@id\":\"https:\/\/cemvalderas.es\/dev\/#website\",\"url\":\"https:\/\/cemvalderas.es\/dev\/\",\"name\":\"Clinica Dental CEM Valderas Dentistas Alcorcon\",\"description\":\"Los mejores tratamientos odontol\u00f3gicos, sin dolor. Vuelve a sonre\u00edr sin que te duela el bolsillo\",\"publisher\":{\"@id\":\"https:\/\/cemvalderas.es\/dev\/#organization\"},\"potentialAction\":[{\"@type\":\"SearchAction\",\"target\":{\"@type\":\"EntryPoint\",\"urlTemplate\":\"https:\/\/cemvalderas.es\/dev\/?s={search_term_string}\"},\"query-input\":{\"@type\":\"PropertyValueSpecification\",\"valueRequired\":true,\"valueName\":\"search_term_string\"}}],\"inLanguage\":\"es\"},{\"@type\":\"Organization\",\"@id\":\"https:\/\/cemvalderas.es\/dev\/#organization\",\"name\":\"Clinica Dental CEM Valderas Dentistas Alcorcon\",\"url\":\"https:\/\/cemvalderas.es\/dev\/\",\"logo\":{\"@type\":\"ImageObject\",\"inLanguage\":\"es\",\"@id\":\"https:\/\/cemvalderas.es\/dev\/#\/schema\/logo\/image\/\",\"url\":\"https:\/\/cemvalderas.es\/dev\/wp-content\/uploads\/2025\/09\/12c4595b090208224e9ca0e24fddb595.png\",\"contentUrl\":\"https:\/\/cemvalderas.es\/dev\/wp-content\/uploads\/2025\/09\/12c4595b090208224e9ca0e24fddb595.png\",\"width\":229,\"height\":44,\"caption\":\"Clinica Dental CEM Valderas Dentistas Alcorcon\"},\"image\":{\"@id\":\"https:\/\/cemvalderas.es\/dev\/#\/schema\/logo\/image\/\"}}]}<\/script>\n<!-- \/ Yoast SEO plugin. -->","yoast_head_json":{"title":"Blanqueamiento dental - Clinica Dental CEM Valderas Dentistas Alcorcon","description":"Blanqueamiento Dental en Alcorc\u00f3n CEM Valderas Dentistas Alcorc\u00f3n con tecnolog\u00eda m\u00e1s moderna, como resutado un sonrisa de cine.","robots":{"index":"index","follow":"follow","max-snippet":"max-snippet:-1","max-image-preview":"max-image-preview:large","max-video-preview":"max-video-preview:-1"},"canonical":"https:\/\/cemvalderas.es\/dev\/blanqueamiento-dental\/","og_locale":"es_ES","og_type":"article","og_title":"Blanqueamiento dental - Clinica Dental CEM Valderas Dentistas Alcorcon","og_description":"Blanqueamiento Dental en Alcorc\u00f3n CEM Valderas Dentistas Alcorc\u00f3n con tecnolog\u00eda m\u00e1s moderna, como resutado un sonrisa de cine. Cuidamos de t\u00fa boca","og_url":"https:\/\/cemvalderas.es\/dev\/blanqueamiento-dental\/","og_site_name":"Clinica Dental CEM Valderas Dentistas Alcorcon","article_modified_time":"2025-10-30T15:06:23+00:00","og_image":[{"width":718,"height":376,"url":"https:\/\/cemvalderas.es\/dev\/wp-content\/uploads\/2025\/09\/7f6796ceaf4d03ad8503bb3075efaac3.png","type":"image\/png"}],"twitter_card":"summary_large_image","twitter_misc":{"Tiempo de lectura":"2 minutos"},"schema":{"@context":"https:\/\/schema.org","@graph":[{"@type":"WebPage","@id":"https:\/\/cemvalderas.es\/dev\/blanqueamiento-dental\/","url":"https:\/\/cemvalderas.es\/dev\/blanqueamiento-dental\/","name":"Blanqueamiento dental - Clinica Dental CEM Valderas Dentistas Alcorcon","isPartOf":{"@id":"https:\/\/cemvalderas.es\/dev\/#website"},"primaryImageOfPage":{"@id":"https:\/\/cemvalderas.es\/dev\/blanqueamiento-dental\/#primaryimage"},"image":{"@id":"https:\/\/cemvalderas.es\/dev\/blanqueamiento-dental\/#primaryimage"},"thumbnailUrl":"https:\/\/cemvalderas.es\/dev\/wp-content\/uploads\/2025\/09\/7f6796ceaf4d03ad8503bb3075efaac3.png","datePublished":"2025-09-23T20:49:29+00:00","dateModified":"2025-10-30T15:06:23+00:00","description":"Blanqueamiento Dental en Alcorc\u00f3n CEM Valderas Dentistas Alcorc\u00f3n con tecnolog\u00eda m\u00e1s moderna, como resutado un sonrisa de cine.","breadcrumb":{"@id":"https:\/\/cemvalderas.es\/dev\/blanqueamiento-dental\/#breadcrumb"},"inLanguage":"es","potentialAction":[{"@type":"ReadAction","target":["https:\/\/cemvalderas.es\/dev\/blanqueamiento-dental\/"]}]},{"@type":"ImageObject","inLanguage":"es","@id":"https:\/\/cemvalderas.es\/dev\/blanqueamiento-dental\/#primaryimage","url":"https:\/\/cemvalderas.es\/dev\/wp-content\/uploads\/2025\/09\/7f6796ceaf4d03ad8503bb3075efaac3.png","contentUrl":"https:\/\/cemvalderas.es\/dev\/wp-content\/uploads\/2025\/09\/7f6796ceaf4d03ad8503bb3075efaac3.png","width":718,"height":376,"caption":"Blanqueamiento Dental en Alcorc\u00f3n CEM Valderas Dentistas Alcorc\u00f3n con tecnolog\u00eda m\u00e1s moderna, como resutado un sonrisa de cine. Cuidamos de t\u00fa boca"},{"@type":"BreadcrumbList","@id":"https:\/\/cemvalderas.es\/dev\/blanqueamiento-dental\/#breadcrumb","itemListElement":[{"@type":"ListItem","position":1,"name":"Portada","item":"https:\/\/cemvalderas.es\/dev\/"},{"@type":"ListItem","position":2,"name":"Blanqueamiento dental"}]},{"@type":"WebSite","@id":"https:\/\/cemvalderas.es\/dev\/#website","url":"https:\/\/cemvalderas.es\/dev\/","name":"Clinica Dental CEM Valderas Dentistas Alcorcon","description":"Los mejores tratamientos odontol\u00f3gicos, sin dolor. Vuelve a sonre\u00edr sin que te duela el bolsillo","publisher":{"@id":"https:\/\/cemvalderas.es\/dev\/#organization"},"potentialAction":[{"@type":"SearchAction","target":{"@type":"EntryPoint","urlTemplate":"https:\/\/cemvalderas.es\/dev\/?s={search_term_string}"},"query-input":{"@type":"PropertyValueSpecification","valueRequired":true,"valueName":"search_term_string"}}],"inLanguage":"es"},{"@type":"Organization","@id":"https:\/\/cemvalderas.es\/dev\/#organization","name":"Clinica Dental CEM Valderas Dentistas Alcorcon","url":"https:\/\/cemvalderas.es\/dev\/","logo":{"@type":"ImageObject","inLanguage":"es","@id":"https:\/\/cemvalderas.es\/dev\/#\/schema\/logo\/image\/","url":"https:\/\/cemvalderas.es\/dev\/wp-content\/uploads\/2025\/09\/12c4595b090208224e9ca0e24fddb595.png","contentUrl":"https:\/\/cemvalderas.es\/dev\/wp-content\/uploads\/2025\/09\/12c4595b090208224e9ca0e24fddb595.png","width":229,"height":44,"caption":"Clinica Dental CEM Valderas Dentistas Alcorcon"},"image":{"@id":"https:\/\/cemvalderas.es\/dev\/#\/schema\/logo\/image\/"}}]}},"_links":{"self":[{"href":"https:\/\/cemvalderas.es\/dev\/wp-json\/wp\/v2\/pages\/7143","targetHints":{"allow":["GET"]}}],"collection":[{"href":"https:\/\/cemvalderas.es\/dev\/wp-json\/wp\/v2\/pages"}],"about":[{"href":"https:\/\/cemvalderas.es\/dev\/wp-json\/wp\/v2\/types\/page"}],"author":[{"embeddable":true,"href":"https:\/\/cemvalderas.es\/dev\/wp-json\/wp\/v2\/users\/1"}],"replies":[{"embeddable":true,"href":"https:\/\/cemvalderas.es\/dev\/wp-json\/wp\/v2\/comments?post=7143"}],"version-history":[{"count":3,"href":"https:\/\/cemvalderas.es\/dev\/wp-json\/wp\/v2\/pages\/7143\/revisions"}],"predecessor-version":[{"id":7982,"href":"https:\/\/cemvalderas.es\/dev\/wp-json\/wp\/v2\/pages\/7143\/revisions\/7982"}],"wp:featuredmedia":[{"embeddable":true,"href":"https:\/\/cemvalderas.es\/dev\/wp-json\/wp\/v2\/media\/482"}],"wp:attachment":[{"href":"https:\/\/cemvalderas.es\/dev\/wp-json\/wp\/v2\/media?parent=7143"}],"curies":[{"name":"wp","href":"https:\/\/api.w.org\/{rel}","templated":true}]}}